{"id":9,"date":"2013-03-08T02:42:39","date_gmt":"2013-03-08T02:42:39","guid":{"rendered":"http:\/\/putaendouno.cl\/?page_id=9"},"modified":"2014-06-11T12:50:51","modified_gmt":"2014-06-11T15:50:51","slug":"nuestro-plan","status":"publish","type":"page","link":"http:\/\/putaendouno.cl\/?page_id=9","title":{"rendered":"Nuestro Plan"},"content":{"rendered":"<div class=\"lazysocialbuttons\" data-float=\"left\" data-buttons=\"google,twitter,facebook\" data-twshareurl=\"http:\/\/putaendouno.cl\/?page_id=9\" data-twtext=\"\" data-shareurl=\"http:\/\/putaendouno.cl\/?page_id=9\" data-fbhideflyout=\"false\" data-backgroundtype=\"light\"><\/div><h1><span style=\"color: #0000ff;\"><em>Nuestra Visi\u00f3n<\/em><\/span><\/h1>\n<h2><\/h2>\n<h2><em>&#8220;Ser un diario digital de referencia en alcance regional y nacional, con una propuesta siempre veraz, objetiva, independiente y seria&#8221;.<\/em><\/h2>\n<address>\u00a0<\/address>\n<h1><span style=\"color: #0000ff;\"><em>Nuestra Misi\u00f3n<\/em><\/span><\/h1>\n<h2><\/h2>\n<h2><em>&#8220;Entregar informaci\u00f3n oportuna, objetiva, siempre basada en fuentes comprobables y con una presentaci\u00f3n de calidad, que, adem\u00e1s de informar, sea un referente cultural entre los medios electr\u00f3nicos nacionales, regionales y locales&#8221;.<\/em><\/h2>\n<p><a href=\"http:\/\/putaendouno.cl\/wp-content\/uploads\/2013\/03\/LogoP1orig640x108.jpg\"><img loading=\"lazy\" decoding=\"async\" class=\"aligncenter  wp-image-12886\" src=\"http:\/\/putaendouno.cl\/wp-content\/uploads\/2013\/03\/LogoP1orig640x108.jpg\" alt=\"LogoP1orig640x108\" width=\"296\" height=\"50\" srcset=\"http:\/\/putaendouno.cl\/wp-content\/uploads\/2013\/03\/LogoP1orig640x108.jpg 640w, http:\/\/putaendouno.cl\/wp-content\/uploads\/2013\/03\/LogoP1orig640x108-300x50.jpg 300w\" sizes=\"auto, (max-width: 296px) 100vw, 296px\" \/><\/a><\/p>\n","protected":false},"excerpt":{"rendered":"<p>Nuestra Visi\u00f3n &#8220;Ser un diario digital de referencia en alcance regional y nacional, con una propuesta siempre veraz, objetiva, independiente y seria&#8221;. \u00a0 Nuestra Misi\u00f3n &#8220;Entregar informaci\u00f3n oportuna, objetiva, siempre basada en fuentes comprobables y con una presentaci\u00f3n de calidad, que, adem\u00e1s de informar, sea un referente cultural entre los medios electr\u00f3nicos nacionales, regionales y [&hellip;]<\/p>\n","protected":false},"author":1,"featured_media":0,"parent":5,"menu_order":2,"comment_status":"open","ping_status":"open","template":"","meta":{"footnotes":""},"class_list":["post-9","page","type-page","status-publish","hentry"],"jetpack_sharing_enabled":true,"_links":{"self":[{"href":"http:\/\/putaendouno.cl\/index.php?rest_route=\/wp\/v2\/pages\/9","targetHints":{"allow":["GET"]}}],"collection":[{"href":"http:\/\/putaendouno.cl\/index.php?rest_route=\/wp\/v2\/pages"}],"about":[{"href":"http:\/\/putaendouno.cl\/index.php?rest_route=\/wp\/v2\/types\/page"}],"author":[{"embeddable":true,"href":"http:\/\/putaendouno.cl\/index.php?rest_route=\/wp\/v2\/users\/1"}],"replies":[{"embeddable":true,"href":"http:\/\/putaendouno.cl\/index.php?rest_route=%2Fwp%2Fv2%2Fcomments&post=9"}],"version-history":[{"count":4,"href":"http:\/\/putaendouno.cl\/index.php?rest_route=\/wp\/v2\/pages\/9\/revisions"}],"predecessor-version":[{"id":12895,"href":"http:\/\/putaendouno.cl\/index.php?rest_route=\/wp\/v2\/pages\/9\/revisions\/12895"}],"up":[{"embeddable":true,"href":"http:\/\/putaendouno.cl\/index.php?rest_route=\/wp\/v2\/pages\/5"}],"wp:attachment":[{"href":"http:\/\/putaendouno.cl\/index.php?rest_route=%2Fwp%2Fv2%2Fmedia&parent=9"}],"curies":[{"name":"wp","href":"https:\/\/api.w.org\/{rel}","templated":true}]}}